{"id":63,"date":"2024-07-17T16:24:01","date_gmt":"2024-07-17T14:24:01","guid":{"rendered":"https:\/\/verry-garden.cz\/?page_id=63"},"modified":"2024-08-06T18:08:31","modified_gmt":"2024-08-06T16:08:31","slug":"cisteni-a-udrzba-jezirka","status":"publish","type":"page","link":"https:\/\/verry-garden.cz\/?page_id=63","title":{"rendered":"\u010ci\u0161t\u011bn\u00ed a \u00fadr\u017eba jez\u00edrka"},"content":{"rendered":"\n<p>Verry-Garden se postar\u00e1 o Va\u0161e zahradn\u00ed jez\u00edrko, aby bylo v\u017edy \u010dist\u00e9 a zdrav\u00e9. Nab\u00edz\u00edme pravideln\u00e9 \u010di\u0161t\u011bn\u00ed, \u00fadr\u017ebu filtr\u016f a \u010derpadel a kontrolu kvality vody ve St\u0159edo\u010desk\u00e9m kraji.<\/p>\n\n\n\n<ul class=\"wp-block-list\">\n<li><strong>Vys\u00e1v\u00e1n\u00ed jez\u00edrka: <\/strong>650 K\u010d\/hod.<\/li>\n\n\n\n<li><strong>B\u011b\u017en\u00e1 \u00fadr\u017eba: <\/strong>650 K\u010d\/hod.<\/li>\n\n\n\n<li><strong>Akutn\u00ed z\u00e1sahy v p\u0159\u00edpad\u011b probl\u00e9m\u016f s bio-rovnov\u00e1hou jez\u00edrka: <\/strong>650 K\u010d\/hod + spot\u0159ebn\u00ed materi\u00e1l.<\/li>\n\n\n\n<li><strong>Odzimov\u00e1n\u00ed jez\u00edrka: <\/strong>650 K\u010d\/hod + spot\u0159ebn\u00ed materi\u00e1l.<\/li>\n\n\n\n<li><strong>Zazimov\u00e1n\u00ed jez\u00edrka: <\/strong>650 K\u010d\/hod.<\/li>\n<\/ul>\n\n\n\n<p><sup>*<\/sup> <em>Na pozemku je nutn\u00e9 m\u00edt vy\u0159e\u0161en odvod vody z vys\u00e1v\u00e1n\u00ed jez\u00edrka<\/em><\/p>\n","protected":false},"excerpt":{"rendered":"<p>Verry-Garden se postar\u00e1 o Va\u0161e zahradn\u00ed jez\u00edrko, aby bylo v\u017edy \u010dist\u00e9 a zdrav\u00e9. Nab\u00edz\u00edme pravideln\u00e9 \u010di\u0161t\u011bn\u00ed, \u00fadr\u017ebu filtr\u016f a \u010derpadel a kontrolu kvality vody ve St\u0159edo\u010desk\u00e9m kraji. * Na pozemku je nutn\u00e9 m\u00edt vy\u0159e\u0161en odvod vody z vys\u00e1v\u00e1n\u00ed jez\u00edrka<\/p>\n","protected":false},"author":1,"featured_media":41,"parent":0,"menu_order":0,"comment_status":"closed","ping_status":"closed","template":"","meta":{"footnotes":""},"class_list":["post-63","page","type-page","status-publish","has-post-thumbnail","hentry"],"_links":{"self":[{"href":"https:\/\/verry-garden.cz\/index.php?rest_route=\/wp\/v2\/pages\/63","targetHints":{"allow":["GET"]}}],"collection":[{"href":"https:\/\/verry-garden.cz\/index.php?rest_route=\/wp\/v2\/pages"}],"about":[{"href":"https:\/\/verry-garden.cz\/index.php?rest_route=\/wp\/v2\/types\/page"}],"author":[{"embeddable":true,"href":"https:\/\/verry-garden.cz\/index.php?rest_route=\/wp\/v2\/users\/1"}],"replies":[{"embeddable":true,"href":"https:\/\/verry-garden.cz\/index.php?rest_route=%2Fwp%2Fv2%2Fcomments&post=63"}],"version-history":[{"count":7,"href":"https:\/\/verry-garden.cz\/index.php?rest_route=\/wp\/v2\/pages\/63\/revisions"}],"predecessor-version":[{"id":98,"href":"https:\/\/verry-garden.cz\/index.php?rest_route=\/wp\/v2\/pages\/63\/revisions\/98"}],"wp:featuredmedia":[{"embeddable":true,"href":"https:\/\/verry-garden.cz\/index.php?rest_route=\/wp\/v2\/media\/41"}],"wp:attachment":[{"href":"https:\/\/verry-garden.cz\/index.php?rest_route=%2Fwp%2Fv2%2Fmedia&parent=63"}],"curies":[{"name":"wp","href":"https:\/\/api.w.org\/{rel}","templated":true}]}}